p(c)?
2, 7
Let d be (-3)/6*2*-4. Suppose d*a = -m + 6, 5*a + 2 + 3 = 5*m. Let c = m - -8. What are the prime factors of c?
2, 5
Let k = -1476 + 2947. What are the prime factors of k?
1471
Let b = -6 - -4. Let m(s) = 15*s + 1. Let q be m(b). Let d = 40 + q. List the prime factors of d.
11
Let l(h) = -h**3 - 20*h**2 - 47*h - 40. List the prime factors of l(-19).
2, 3, 41
Let h = -1 + 4. Suppose h*p = 7*p - 68. Suppose 0 = -4*w - 4*m + 36, 3*w - 10 - p = -2*m. What are the prime factors of w?
3
Suppose 901 = -8*b + 10493. What are the prime factors of b?
11, 109
Suppose p + 244 = 1419. What are the prime factors of p?
5, 47
Let o(y) = 8*y - 4. Let a(l) = -16*l + 9. Let v(t) = -3*a(t) - 7*o(t). Let b be v(-7). Suppose -4*s + b = -s. List the prime factors of s.
19
Suppose k - 306 = -k. What are the prime factors of k?
3, 17
Suppose -78 = -4*h + 1798. List the prime factors of h.
7, 67
What are the prime factors of (-48 - 2)/(((-40)/(-764))/(-5))?
5, 191
Let a = -916 + 2833. What are the prime factors of a?
3, 71
List the prime factors of (-1*4206/2)/(54/(-72)).
2, 701
Suppose -4*r + 29 = 3*q, -5*r = -5*q - 0*r - 10. Suppose -n - 163 = -k - q*n, 4*k = 4*n + 628. List the prime factors of k.
3, 53
Let a(p) = p**3 - 14*p**2 + 30*p + 2. List the prime factors of a(19).
2377
Let k be ((-44)/(-5))/(12/(-60)). Let b = -8 - k. List the prime factors of b.
2, 3
Let k = 9 + -4. Let o be 822/(-10) + k/25. Let u = o - -117. List the prime factors of u.
5, 7
Let b(p) = -2*p + 33. Let d = 23 - 24. Let w be (-45)/(-12)*d*4. List the prime factors of b(w).
3, 7
Let i be 90/20*4/9. Let f(d) = 11*d**3 + d**2 + 3*d - 3. What are the prime factors of f(i)?
5, 19
Let z = 3 + -11. Let w be (-2)/z - (-7)/4. Suppose -w*b + 24 = -5*q, -3*q + q = -5*b + 18. List the prime factors of b.
2
Let s(k) = 128*k**2 - 4*k + 6. Let d be s(3). Suppose -9*t = -3*t - d. What are the prime factors of t?
191
Let u = -29 + 34. Suppose 2*s - 124 = -3*k, u*s = -k - 4*k + 200. What are the prime factors of k?
2, 11
Suppose -4*c = -w - 194, w - 4*w = c - 42. Suppose -5*x + c = 3*m, -x + 7 = 3*m - 29. What are the prime factors of m?
11
Suppose -j + 5*h + 17 = -2*j, -3*h - 12 = 0. Suppose -2*m + 85 = j*k, -5*k + 23 + 117 = 5*m. List the prime factors of k.
29
Let x be -1 + (-1 + 2)*-1. Let t be x/(-13) - (-259)/91. Suppose 6*c - t*c - 115 = 5*g, 4*g + 43 = c. List the prime factors of c.
5, 7
Let j = 5629 - 3025. What are the prime factors of j?
2, 3, 7, 31
Let h(y) = 9*y**2 + 4*y - 14. Let w(t) = -1. Let v(s) = h(s) - 3*w(s). List the prime factors of v(4).
149
Let x be 2/(0 + (-48)/(-25) - 2). Suppose -z - z + 78 = 0. Let s = z + x. What are the prime factors of s?
2, 7
Suppose 0 = -3*g - 2*t + 5 + 3, -2 = -2*t. What are the prime factors of (1 - g)*(281/(-1) - -4)?
277
Let o be (4 + -4)*(-2)/(-6). Let a(t) = 3 + t + 0*t**2 + 21 - 7*t**2 + 8*t**2. What are the prime factors of a(o)?
2, 3
Suppose 4*q = 5*g + 5326, 0*q - 4*q - 4*g = -5308. What are the prime factors of q?
3, 443
Suppose 4*r = 3*f - 2, -4*r + 46 = 3*f + 2*f. Let d(b) = b - 1. Let a be d(-2). List the prime factors of 8/12*(a + f).
2
Let x(i) = 3*i - 14. Let t = -7 - -13. List the prime factors of x(t).
2
Suppose -4*h + 11180 = -5*f + f, 30 = -6*f. What are the prime factors of h?
2, 3, 5, 31
Let w(q) = 9*q + 6. Let n(d) be the third derivative of -9*d**4/8 - 17*d**3/6 - 6*d**2. Let o(x) = -3*n(x) - 8*w(x). What are the prime factors of o(2)?
3, 7
Suppose -9681 - 2151 = -34*q. List the prime factors of q.
2, 3, 29
Suppose -8*c = 800 - 2512. What are the prime factors of c?
2, 107
Suppose 5*d = -5*i + 5, 2*i - 5*d - 9 - 28 = 0. List the prime factors of (4 + 0)/(2335/(-390) + i).
2, 3, 13
Let u = 10 + -9. Let v(q) = 3*q**3 + q**2 - q**2 + u + 2*q + 0*q. List the prime factors of v(2).
29
Suppose -104*m - 22965 = -109*m. What are the prime factors of m?
3, 1531
Let r(v) = -v**2 + 12*v + 2. Let q = 29 - 17. Let w be r(q). Suppose 0*o - w*o + 26 = 4*m, -5*m = -15. What are the prime factors of o?
7
Let f(l) = 17*l**3 + 20*l**2 - 2*l + 17. List the prime factors of f(6).
4397
Let a = -269 - -57. Let m = a - -386. What are the prime factors of m?
2, 3, 29
Suppose 0 + 3 = f. Let q be 1 + (-3)/f*-2. Suppose 16 = 2*t + q*a + 2*a, -5*t + 3*a + 71 = 0. What are the prime factors of t?
13
Let v(k) = 6*k + 6. Let i(p) = -p - 1. Let o(m) = 5*i(m) + v(m). Let r be o(1). Suppose 2*w = 4, -5*q + 22 = -5*w + r. List the prime factors of q.
2, 3
Suppose 19*x - 689 - 299 = 0. What are the prime factors of x?
2, 13
Suppose -432 - 13912 = -8*p. List the prime factors of p.
11, 163
Let m be (0 - 1 - -1)/(-3 + 0). Suppose o + 15 - 254 = m. List the prime factors of o.
239
Let n(k) = k**3 - 10*k**2 + 11*k + 6. Let c(f) = f**3 + 7*f**2 - 10*f - 6. Let p be c(-8). What are the prime factors of n(p)?
2, 29
Suppose 386 = -4*m - 3*g, 2*m + 5*g = 4*m + 180. Let h be m/(-2) + 2/4. Suppose 0 = -4*l + 32 + h. List the prime factors of l.
2, 5
Let a(c) = c**3 - c**2 + 8*c + 2. Suppose -b - 3*o = -2*b + 7, 0 = -b + 5*o + 9. List the prime factors of a(b).
2, 41
Suppose -c - 9 = -4*c. Suppose 0 = -y + c*n + 6 + 9, -y - 4*n = -50. What are the prime factors of y?
2, 3, 5
List the prime factors of (-15)/(-10)*(-7570)/(-3).
5, 757
Suppose -12*s - 30 = -14*s. Suppose -40 - s = -r + 5*g, -239 = -4*r + g. List the prime factors of r.
2, 3, 5
Let b = 664 - -1442. List the prime factors of b.
2, 3, 13
Suppose 3*c + 2*x + 2*x - 2 = 0, -3*c + x = -7. Suppose c*b = -5*v - 11, -4*b - b + 16 = -2*v. What are the prime factors of ((-93)/15)/(v/15)?
31
Suppose 0 = 5*n + 3*p + 1 - 7, 0 = -3*n - p + 6. Suppose -n*s + s = -20. Let z(m) = m**2 - 8*m - 4. What are the prime factors of z(s)?
2
Suppose -382 - 1102 = -4*y. What are the prime factors of y?
7, 53
Suppose 0*i + 5*r - 40 = -5*i, 0 = 5*i - 2*r - 19. Suppose 0 = -t + 3*n + 13, -i - 20 = -4*t + 3*n. What are the prime factors of 588/27 + t/18?
2, 11
Let f(s) = -21*s**3 - 10*s - 2. What are the prime factors of f(-3)?
5, 7, 17
Let o(p) = -p**3 + 8*p**2 - 9*p. Let a be o(6). Suppose 0 = 28*s - 26*s - 6. Suppose -x + a = s*b, -2*b - b = 12. What are the prime factors of x?
2, 3, 5
List the prime factors of -444*(-1008)/162*6/7.
2, 37
Let q be 1 + -2 - 0 - -3. Suppose 3*m - 3*j - q*j = 244, 88 = m + 5*j. Let z = m + -15. What are the prime factors of z?
2, 17
Let l(a) = 2*a**3 + 3*a**2 - 6*a - 4. Let j be l(5). List the prime factors of (j/(-6))/(2/(-8)).
2, 97
Let r be (-10*1/4)/(1/(-2)). Suppose -s = 5*z - 23, r*s - 2*z = -z + 63. What are the prime factors of s?
13
Let k(y) = 19*y**2 - 2*y - 1. Let f be k(-1). Suppose -4*m + 15 = -3*s - m, -f = 2*s - 4*m. Suppose s = -2*n + 91 - 19. List the prime factors of n.
2, 3
Let p(u) = -u**2 - 6*u - 5. Let g be p(-3). Suppose -49 = -g*f + 2*j + 65, j - 33 = -f. What are the prime factors of (2 - 12)*f/(-25)?
2, 3
Suppose -6*c + 1905 + 225 = 0. What are the prime factors of c?
5, 71
Let a = -28 - -29. Let o be (-3)/(-2)*(1 + a). Suppose -o*k = -2*d + 53, 0 = d - 3*k - 0*k - 31. List the prime factors of d.
2, 11
Suppose 4*r = 5*c - 6, -2*r = c + 2*c + 14. Let a be ((-18)/r + -1)*-14. List the prime factors of (-651)/a - 2/7.
13
Let i(v) = 3*v**2 + v + 2. Let d be i(-1). Suppose 186 + 34 = d*q. List the prime factors of q.
5, 11
Let l(y) = 6*y + 15*y + 104 - 125. List the prime factors of l(3).
2, 3, 7
Let f(o) = 28*o**2 + 6 - 59*o**2 + 30*o**2 + 24*o + 0. What are the prime factors of f(17)?
5
Suppose 3*p - 15 = -b - 0*b, 24 = 3*p + 4*b. Let m be 68/p*-3 - 0. Let r = m - -73. List the prime factors of r.
2, 11
Let l = 606 - 322. Suppose 148 = -3*g - l. Let n = 206 + g. List the prime factors of n.
2, 31
Let t = 90 + -52. Let g = 65 - t. List the prime factors of -2 + g + 9/(-3).
2, 11
Let z = 201 + -126. Let l(c) = -c**3 + 12*c**2 + 12*c + 15. Let v be l(13). Suppose -v*a = a - z. What are the prime factors of a?
5
What are the prime factors of ((-1752)/(-4))/((-33)/(-6) + -4)?
2, 73
Suppose -5*q = o - 4994, q - 136 - 858 = o. List the prime factors of q.
2, 499
Suppose -5*h + 857 = 3*y, 61*y + 3*h - 570 = 59*y. List the prime factors of y.
3, 31
Let f be 6 + -6 - -2*1. Let v = 5 + f. Suppose 0 = -v*z + 3*z + 20, -5*o + 3*z = -365. List the prime factors of o.
2, 19
Let h be (-3)/(-2